{"id":486,"date":"2024-02-20T11:20:54","date_gmt":"2024-02-20T10:20:54","guid":{"rendered":"https:\/\/ham-wedding.fr\/?page_id=486"},"modified":"2025-02-24T17:44:54","modified_gmt":"2025-02-24T16:44:54","slug":"prestation","status":"publish","type":"page","link":"https:\/\/ham-wedding.fr\/?page_id=486","title":{"rendered":"Nos pr\u00e9stations"},"content":{"rendered":"\t\t<div data-elementor-type=\"wp-page\" data-elementor-id=\"486\" class=\"elementor elementor-486\" data-elementor-post-type=\"page\">\n\t\t\t\t<div class=\"elementor-element elementor-element-1ec0a4c2 e-con-full e-flex e-con e-parent\" data-id=\"1ec0a4c2\" data-element_type=\"container\" data-settings=\"{&quot;background_background&quot;:&quot;classic&quot;}\">\n\t\t<div class=\"elementor-element elementor-element-5e91b2c9 e-con-full e-flex e-con e-child\" data-id=\"5e91b2c9\" data-element_type=\"container\" data-settings=\"{&quot;background_background&quot;:&quot;classic&quot;}\">\n\t\t\t\t<div class=\"elementor-element elementor-element-7914446b elementor-widget__width-initial elementor-invisible elementor-widget elementor-widget-heading\" data-id=\"7914446b\" data-element_type=\"widget\" data-settings=\"{&quot;_animation&quot;:&quot;fadeIn&quot;}\" data-widget_type=\"heading.default\">\n\t\t\t\t<div class=\"elementor-widget-container\">\n\t\t\t\t\t<h1 class=\"elementor-heading-title elementor-size-default\">Ham Wedding: O\u00f9 vos souvenirs prennent vie en cin\u00e9ma.<\/h1>\t\t\t\t<\/div>\n\t\t\t\t<\/div>\n\t\t\t\t<\/div>\n\t\t<div class=\"elementor-element elementor-element-68caa909 e-con-full e-flex e-con e-child\" data-id=\"68caa909\" data-element_type=\"container\">\n\t\t\t\t<div class=\"elementor-element elementor-element-41f5f4e0 elementor-widget elementor-widget-text-editor\" data-id=\"41f5f4e0\" data-element_type=\"widget\" data-widget_type=\"text-editor.default\">\n\t\t\t\t<div class=\"elementor-widget-container\">\n\t\t\t\t\t\t\t\t\t<p>Chez Ham Wedding, notre philosophie se centre sur une id\u00e9e simple mais puissante : chaque mariage est une histoire unique, m\u00e9ritant d&rsquo;\u00eatre racont\u00e9e avec une attention cin\u00e9matographique aux d\u00e9tails. Nous capturons plus que des moments ; nous r\u00e9v\u00e9lons la beaut\u00e9 des \u00e9motions authentiques et des connexions humaines \u00e0 travers notre art visuel. Notre passion est de saisir la po\u00e9sie de chaque sourire et la tendresse de chaque \u00e9change, pour que vous puissiez revivre les sensations de votre journ\u00e9e sp\u00e9ciale encore et encore. Avec Ham Wedding, votre r\u00e9cit d&rsquo;amour est entre des mains artistiques, o\u00f9 chaque image devient un souvenir intemporel.<\/p>\t\t\t\t\t\t\t\t<\/div>\n\t\t\t\t<\/div>\n\t\t\t\t<div class=\"elementor-element elementor-element-242e3868 elementor-widget-divider--view-line elementor-invisible elementor-widget elementor-widget-divider\" data-id=\"242e3868\" data-element_type=\"widget\" data-settings=\"{&quot;_animation&quot;:&quot;fadeIn&quot;,&quot;_animation_delay&quot;:&quot;200&quot;}\" data-widget_type=\"divider.default\">\n\t\t\t\t<div class=\"elementor-widget-container\">\n\t\t\t\t\t\t\t<div class=\"elementor-divider\">\n\t\t\t<span class=\"elementor-divider-separator\">\n\t\t\t\t\t\t<\/span>\n\t\t<\/div>\n\t\t\t\t\t\t<\/div>\n\t\t\t\t<\/div>\n\t\t\t\t<div class=\"elementor-element elementor-element-277d89f elementor-widget elementor-widget-text-editor\" data-id=\"277d89f\" data-element_type=\"widget\" data-widget_type=\"text-editor.default\">\n\t\t\t\t<div class=\"elementor-widget-container\">\n\t\t\t\t\t\t\t\t\t<p>Racontez-nous l&rsquo;histoire de votre amour et laissez-nous la transformer en un r\u00e9cit visuel inoubliable. Contactez Ham Wedding d\u00e8s maintenant pour donner \u00e0 votre mariage le reflet cin\u00e9matographique qu&rsquo;il m\u00e9rite.<\/p>\t\t\t\t\t\t\t\t<\/div>\n\t\t\t\t<\/div>\n\t\t\t\t<div class=\"elementor-element elementor-element-3686d18c elementor-align-left elementor-mobile-align-left animated-slow elementor-invisible elementor-widget elementor-widget-button\" data-id=\"3686d18c\" data-element_type=\"widget\" data-settings=\"{&quot;_animation&quot;:&quot;fadeIn&quot;,&quot;_animation_delay&quot;:&quot;400&quot;}\" data-widget_type=\"button.default\">\n\t\t\t\t<div class=\"elementor-widget-container\">\n\t\t\t\t\t\t\t\t\t<div class=\"elementor-button-wrapper\">\n\t\t\t\t\t<a class=\"elementor-button elementor-button-link elementor-size-sm elementor-animation-hang\" href=\"https:\/\/ham-wedding.fr\/?page_id=491\">\n\t\t\t\t\t\t<span class=\"elementor-button-content-wrapper\">\n\t\t\t\t\t\t\t\t\t<span class=\"elementor-button-text\">Contact Ham Wedding<\/span>\n\t\t\t\t\t<\/span>\n\t\t\t\t\t<\/a>\n\t\t\t\t<\/div>\n\t\t\t\t\t\t\t\t<\/div>\n\t\t\t\t<\/div>\n\t\t\t\t<\/div>\n\t\t\t\t<\/div>\n\t\t<div class=\"elementor-element elementor-element-7e602a61 e-flex e-con-boxed e-con e-parent\" data-id=\"7e602a61\" data-element_type=\"container\" data-settings=\"{&quot;background_background&quot;:&quot;classic&quot;}\">\n\t\t\t\t\t<div class=\"e-con-inner\">\n\t\t\t\t<div class=\"elementor-element elementor-element-378684b9 elementor-invisible elementor-widget elementor-widget-heading\" data-id=\"378684b9\" data-element_type=\"widget\" data-settings=\"{&quot;_animation&quot;:&quot;fadeIn&quot;}\" data-widget_type=\"heading.default\">\n\t\t\t\t<div class=\"elementor-widget-container\">\n\t\t\t\t\t<h2 class=\"elementor-heading-title elementor-size-default\">NOS Pr\u00e9stations<\/h2>\t\t\t\t<\/div>\n\t\t\t\t<\/div>\n\t\t<div class=\"elementor-element elementor-element-41be305b e-con-full e-flex e-con e-child\" data-id=\"41be305b\" data-element_type=\"container\">\n\t\t\t\t<div class=\"elementor-element elementor-element-27f58534 elementor-widget__width-inherit elementor-widget elementor-widget-toggle\" data-id=\"27f58534\" data-element_type=\"widget\" data-widget_type=\"toggle.default\">\n\t\t\t\t<div class=\"elementor-widget-container\">\n\t\t\t\t\t\t\t<div class=\"elementor-toggle\">\n\t\t\t\t\t\t\t<div class=\"elementor-toggle-item\">\n\t\t\t\t\t<div id=\"elementor-tab-title-6701\" class=\"elementor-tab-title\" data-tab=\"1\" role=\"button\" aria-controls=\"elementor-tab-content-6701\" aria-expanded=\"false\">\n\t\t\t\t\t\t\t\t\t\t\t\t<span class=\"elementor-toggle-icon elementor-toggle-icon-right\" aria-hidden=\"true\">\n\t\t\t\t\t\t\t\t\t\t\t\t\t\t\t<span class=\"elementor-toggle-icon-closed\"><svg xmlns=\"http:\/\/www.w3.org\/2000\/svg\" id=\"af6e4202-b359-4edb-9e37-f3f2017007d6\" data-name=\"Layer 1\" width=\"10\" height=\"10\" viewBox=\"0 0 10 10\"><path d=\"M5,0H6.2V4.4h4.4V5.6H6.2V10H5V5.6H.6V4.4H5Z\" transform=\"translate(-0.5996)\"><\/path><\/svg><\/span>\n\t\t\t\t\t\t\t\t<span class=\"elementor-toggle-icon-opened\"><svg xmlns=\"http:\/\/www.w3.org\/2000\/svg\" id=\"f7b7f277-1ba9-4e85-9654-97d70d0c16d0\" data-name=\"Layer 1\" width=\"10\" height=\"1.2\" viewBox=\"0 0 10 1.2\"><path d=\"M10.6,4.4V5.6H.6V4.4Z\" transform=\"translate(-0.5996 -4.4)\"><\/path><\/svg><\/span>\n\t\t\t\t\t\t\t\t\t\t\t\t\t<\/span>\n\t\t\t\t\t\t\t\t\t\t\t\t<a class=\"elementor-toggle-title\" tabindex=\"0\">Photographie<\/a>\n\t\t\t\t\t<\/div>\n\n\t\t\t\t\t<div id=\"elementor-tab-content-6701\" class=\"elementor-tab-content elementor-clearfix\" data-tab=\"1\" role=\"region\" aria-labelledby=\"elementor-tab-title-6701\"><p><strong>Capturer l&rsquo;\u00e2me d&rsquo;un instant<\/strong>, c&rsquo;est notre credo. Nos photographes saisissent les sourires, les larmes de bonheur et les regards qui en disent long, pour les enfermer dans l&rsquo;\u00e9crin de votre m\u00e9moire<\/p><\/div>\n\t\t\t\t<\/div>\n\t\t\t\t\t\t\t<div class=\"elementor-toggle-item\">\n\t\t\t\t\t<div id=\"elementor-tab-title-6702\" class=\"elementor-tab-title\" data-tab=\"2\" role=\"button\" aria-controls=\"elementor-tab-content-6702\" aria-expanded=\"false\">\n\t\t\t\t\t\t\t\t\t\t\t\t<span class=\"elementor-toggle-icon elementor-toggle-icon-right\" aria-hidden=\"true\">\n\t\t\t\t\t\t\t\t\t\t\t\t\t\t\t<span class=\"elementor-toggle-icon-closed\"><svg xmlns=\"http:\/\/www.w3.org\/2000\/svg\" id=\"af6e4202-b359-4edb-9e37-f3f2017007d6\" data-name=\"Layer 1\" width=\"10\" height=\"10\" viewBox=\"0 0 10 10\"><path d=\"M5,0H6.2V4.4h4.4V5.6H6.2V10H5V5.6H.6V4.4H5Z\" transform=\"translate(-0.5996)\"><\/path><\/svg><\/span>\n\t\t\t\t\t\t\t\t<span class=\"elementor-toggle-icon-opened\"><svg xmlns=\"http:\/\/www.w3.org\/2000\/svg\" id=\"f7b7f277-1ba9-4e85-9654-97d70d0c16d0\" data-name=\"Layer 1\" width=\"10\" height=\"1.2\" viewBox=\"0 0 10 1.2\"><path d=\"M10.6,4.4V5.6H.6V4.4Z\" transform=\"translate(-0.5996 -4.4)\"><\/path><\/svg><\/span>\n\t\t\t\t\t\t\t\t\t\t\t\t\t<\/span>\n\t\t\t\t\t\t\t\t\t\t\t\t<a class=\"elementor-toggle-title\" tabindex=\"0\">Vid\u00e9ographie Cin\u00e9matographique<\/a>\n\t\t\t\t\t<\/div>\n\n\t\t\t\t\t<div id=\"elementor-tab-content-6702\" class=\"elementor-tab-content elementor-clearfix\" data-tab=\"2\" role=\"region\" aria-labelledby=\"elementor-tab-title-6702\"><p><strong>Votre histoire m\u00e9rite un grand \u00e9cran.<\/strong> Notre vid\u00e9ographie cin\u00e9matographique transforme votre union en un film d&rsquo;amour \u00e9pique, capturant chaque mouvement avec une gr\u00e2ce digne de Hollywood.<\/p><\/div>\n\t\t\t\t<\/div>\n\t\t\t\t\t\t\t<div class=\"elementor-toggle-item\">\n\t\t\t\t\t<div id=\"elementor-tab-title-6703\" class=\"elementor-tab-title\" data-tab=\"3\" role=\"button\" aria-controls=\"elementor-tab-content-6703\" aria-expanded=\"false\">\n\t\t\t\t\t\t\t\t\t\t\t\t<span class=\"elementor-toggle-icon elementor-toggle-icon-right\" aria-hidden=\"true\">\n\t\t\t\t\t\t\t\t\t\t\t\t\t\t\t<span class=\"elementor-toggle-icon-closed\"><svg xmlns=\"http:\/\/www.w3.org\/2000\/svg\" id=\"af6e4202-b359-4edb-9e37-f3f2017007d6\" data-name=\"Layer 1\" width=\"10\" height=\"10\" viewBox=\"0 0 10 10\"><path d=\"M5,0H6.2V4.4h4.4V5.6H6.2V10H5V5.6H.6V4.4H5Z\" transform=\"translate(-0.5996)\"><\/path><\/svg><\/span>\n\t\t\t\t\t\t\t\t<span class=\"elementor-toggle-icon-opened\"><svg xmlns=\"http:\/\/www.w3.org\/2000\/svg\" id=\"f7b7f277-1ba9-4e85-9654-97d70d0c16d0\" data-name=\"Layer 1\" width=\"10\" height=\"1.2\" viewBox=\"0 0 10 1.2\"><path d=\"M10.6,4.4V5.6H.6V4.4Z\" transform=\"translate(-0.5996 -4.4)\"><\/path><\/svg><\/span>\n\t\t\t\t\t\t\t\t\t\t\t\t\t<\/span>\n\t\t\t\t\t\t\t\t\t\t\t\t<a class=\"elementor-toggle-title\" tabindex=\"0\">Post-production : \u00c9talonnage et Retouche d'Image<\/a>\n\t\t\t\t\t<\/div>\n\n\t\t\t\t\t<div id=\"elementor-tab-content-6703\" class=\"elementor-tab-content elementor-clearfix\" data-tab=\"3\" role=\"region\" aria-labelledby=\"elementor-tab-title-6703\"><p><strong>La touche finale qui sublime votre histoire.<\/strong> Gr\u00e2ce \u00e0 un \u00e9talonnage pr\u00e9cis et un montage minutieux, nous fa\u00e7onnons chaque image pour en r\u00e9v\u00e9ler toute la profondeur et la magie, rendant votre film inoubliable.<\/p><\/div>\n\t\t\t\t<\/div>\n\t\t\t\t\t\t\t<div class=\"elementor-toggle-item\">\n\t\t\t\t\t<div id=\"elementor-tab-title-6704\" class=\"elementor-tab-title\" data-tab=\"4\" role=\"button\" aria-controls=\"elementor-tab-content-6704\" aria-expanded=\"false\">\n\t\t\t\t\t\t\t\t\t\t\t\t<span class=\"elementor-toggle-icon elementor-toggle-icon-right\" aria-hidden=\"true\">\n\t\t\t\t\t\t\t\t\t\t\t\t\t\t\t<span class=\"elementor-toggle-icon-closed\"><svg xmlns=\"http:\/\/www.w3.org\/2000\/svg\" id=\"af6e4202-b359-4edb-9e37-f3f2017007d6\" data-name=\"Layer 1\" width=\"10\" height=\"10\" viewBox=\"0 0 10 10\"><path d=\"M5,0H6.2V4.4h4.4V5.6H6.2V10H5V5.6H.6V4.4H5Z\" transform=\"translate(-0.5996)\"><\/path><\/svg><\/span>\n\t\t\t\t\t\t\t\t<span class=\"elementor-toggle-icon-opened\"><svg xmlns=\"http:\/\/www.w3.org\/2000\/svg\" id=\"f7b7f277-1ba9-4e85-9654-97d70d0c16d0\" data-name=\"Layer 1\" width=\"10\" height=\"1.2\" viewBox=\"0 0 10 1.2\"><path d=\"M10.6,4.4V5.6H.6V4.4Z\" transform=\"translate(-0.5996 -4.4)\"><\/path><\/svg><\/span>\n\t\t\t\t\t\t\t\t\t\t\t\t\t<\/span>\n\t\t\t\t\t\t\t\t\t\t\t\t<a class=\"elementor-toggle-title\" tabindex=\"0\">Prise de Vue A\u00e9rienne<\/a>\n\t\t\t\t\t<\/div>\n\n\t\t\t\t\t<div id=\"elementor-tab-content-6704\" class=\"elementor-tab-content elementor-clearfix\" data-tab=\"4\" role=\"region\" aria-labelledby=\"elementor-tab-title-6704\"><p><strong>Un angle divin sur votre bonheur.<\/strong> Nos prises de vue a\u00e9riennes offrent une perspective spectaculaire, embrassant l&rsquo;\u00e9tendue de votre c\u00e9l\u00e9bration avec majest\u00e9.<\/p><\/div>\n\t\t\t\t<\/div>\n\t\t\t\t\t\t\t\t<\/div>\n\t\t\t\t\t\t<\/div>\n\t\t\t\t<\/div>\n\t\t\t\t<div class=\"elementor-element elementor-element-6e091f1a elementor-widget__width-inherit elementor-widget elementor-widget-toggle\" data-id=\"6e091f1a\" data-element_type=\"widget\" data-widget_type=\"toggle.default\">\n\t\t\t\t<div class=\"elementor-widget-container\">\n\t\t\t\t\t\t\t<div class=\"elementor-toggle\">\n\t\t\t\t\t\t\t<div class=\"elementor-toggle-item\">\n\t\t\t\t\t<div id=\"elementor-tab-title-1841\" class=\"elementor-tab-title\" data-tab=\"1\" role=\"button\" aria-controls=\"elementor-tab-content-1841\" aria-expanded=\"false\">\n\t\t\t\t\t\t\t\t\t\t\t\t<span class=\"elementor-toggle-icon elementor-toggle-icon-right\" aria-hidden=\"true\">\n\t\t\t\t\t\t\t\t\t\t\t\t\t\t\t<span class=\"elementor-toggle-icon-closed\"><svg xmlns=\"http:\/\/www.w3.org\/2000\/svg\" id=\"af6e4202-b359-4edb-9e37-f3f2017007d6\" data-name=\"Layer 1\" width=\"10\" height=\"10\" viewBox=\"0 0 10 10\"><path d=\"M5,0H6.2V4.4h4.4V5.6H6.2V10H5V5.6H.6V4.4H5Z\" transform=\"translate(-0.5996)\"><\/path><\/svg><\/span>\n\t\t\t\t\t\t\t\t<span class=\"elementor-toggle-icon-opened\"><svg xmlns=\"http:\/\/www.w3.org\/2000\/svg\" id=\"f7b7f277-1ba9-4e85-9654-97d70d0c16d0\" data-name=\"Layer 1\" width=\"10\" height=\"1.2\" viewBox=\"0 0 10 1.2\"><path d=\"M10.6,4.4V5.6H.6V4.4Z\" transform=\"translate(-0.5996 -4.4)\"><\/path><\/svg><\/span>\n\t\t\t\t\t\t\t\t\t\t\t\t\t<\/span>\n\t\t\t\t\t\t\t\t\t\t\t\t<a class=\"elementor-toggle-title\" tabindex=\"0\">Location de Photobooth<\/a>\n\t\t\t\t\t<\/div>\n\n\t\t\t\t\t<div id=\"elementor-tab-content-1841\" class=\"elementor-tab-content elementor-clearfix\" data-tab=\"1\" role=\"region\" aria-labelledby=\"elementor-tab-title-1841\"><p><strong>L&rsquo;animation star de votre soir\u00e9e.<\/strong> Notre photobooth cr\u00e9e une bulle de fun o\u00f9 vos invit\u00e9s peuvent capturer la spontan\u00e9it\u00e9 et la joie, pour des souvenirs aussi vivants que votre f\u00eate.<\/p><\/div>\n\t\t\t\t<\/div>\n\t\t\t\t\t\t\t<div class=\"elementor-toggle-item\">\n\t\t\t\t\t<div id=\"elementor-tab-title-1842\" class=\"elementor-tab-title\" data-tab=\"2\" role=\"button\" aria-controls=\"elementor-tab-content-1842\" aria-expanded=\"false\">\n\t\t\t\t\t\t\t\t\t\t\t\t<span class=\"elementor-toggle-icon elementor-toggle-icon-right\" aria-hidden=\"true\">\n\t\t\t\t\t\t\t\t\t\t\t\t\t\t\t<span class=\"elementor-toggle-icon-closed\"><svg xmlns=\"http:\/\/www.w3.org\/2000\/svg\" id=\"af6e4202-b359-4edb-9e37-f3f2017007d6\" data-name=\"Layer 1\" width=\"10\" height=\"10\" viewBox=\"0 0 10 10\"><path d=\"M5,0H6.2V4.4h4.4V5.6H6.2V10H5V5.6H.6V4.4H5Z\" transform=\"translate(-0.5996)\"><\/path><\/svg><\/span>\n\t\t\t\t\t\t\t\t<span class=\"elementor-toggle-icon-opened\"><svg xmlns=\"http:\/\/www.w3.org\/2000\/svg\" id=\"f7b7f277-1ba9-4e85-9654-97d70d0c16d0\" data-name=\"Layer 1\" width=\"10\" height=\"1.2\" viewBox=\"0 0 10 1.2\"><path d=\"M10.6,4.4V5.6H.6V4.4Z\" transform=\"translate(-0.5996 -4.4)\"><\/path><\/svg><\/span>\n\t\t\t\t\t\t\t\t\t\t\t\t\t<\/span>\n\t\t\t\t\t\t\t\t\t\t\t\t<a class=\"elementor-toggle-title\" tabindex=\"0\">Projection de Film Pendant la C\u00e9r\u00e9monie<\/a>\n\t\t\t\t\t<\/div>\n\n\t\t\t\t\t<div id=\"elementor-tab-content-1842\" class=\"elementor-tab-content elementor-clearfix\" data-tab=\"2\" role=\"region\" aria-labelledby=\"elementor-tab-title-1842\"><p><strong>Votre histoire sur grand \u00e9cran.<\/strong> \u00c9merveillez vos invit\u00e9s avec une projection cin\u00e9matographique qui raconte votre parcours d&rsquo;amour, scellant le d\u00e9but de votre nouveau chapitre.<\/p><\/div>\n\t\t\t\t<\/div>\n\t\t\t\t\t\t\t<div class=\"elementor-toggle-item\">\n\t\t\t\t\t<div id=\"elementor-tab-title-1843\" class=\"elementor-tab-title\" data-tab=\"3\" role=\"button\" aria-controls=\"elementor-tab-content-1843\" aria-expanded=\"false\">\n\t\t\t\t\t\t\t\t\t\t\t\t<span class=\"elementor-toggle-icon elementor-toggle-icon-right\" aria-hidden=\"true\">\n\t\t\t\t\t\t\t\t\t\t\t\t\t\t\t<span class=\"elementor-toggle-icon-closed\"><svg xmlns=\"http:\/\/www.w3.org\/2000\/svg\" id=\"af6e4202-b359-4edb-9e37-f3f2017007d6\" data-name=\"Layer 1\" width=\"10\" height=\"10\" viewBox=\"0 0 10 10\"><path d=\"M5,0H6.2V4.4h4.4V5.6H6.2V10H5V5.6H.6V4.4H5Z\" transform=\"translate(-0.5996)\"><\/path><\/svg><\/span>\n\t\t\t\t\t\t\t\t<span class=\"elementor-toggle-icon-opened\"><svg xmlns=\"http:\/\/www.w3.org\/2000\/svg\" id=\"f7b7f277-1ba9-4e85-9654-97d70d0c16d0\" data-name=\"Layer 1\" width=\"10\" height=\"1.2\" viewBox=\"0 0 10 1.2\"><path d=\"M10.6,4.4V5.6H.6V4.4Z\" transform=\"translate(-0.5996 -4.4)\"><\/path><\/svg><\/span>\n\t\t\t\t\t\t\t\t\t\t\t\t\t<\/span>\n\t\t\t\t\t\t\t\t\t\t\t\t<a class=\"elementor-toggle-title\" tabindex=\"0\">Prise de Vue en Cam\u00e9ra 360<\/a>\n\t\t\t\t\t<\/div>\n\n\t\t\t\t\t<div id=\"elementor-tab-content-1843\" class=\"elementor-tab-content elementor-clearfix\" data-tab=\"3\" role=\"region\" aria-labelledby=\"elementor-tab-title-1843\"><p><strong>Une immersion totale dans votre journ\u00e9e.<\/strong> Avec la prise de vue en cam\u00e9ra 360, revivez votre \u00e9v\u00e9nement sous tous les angles, comme si vous y \u00e9tiez encore, offrant une exp\u00e9rience unique et interactive.<\/p><\/div>\n\t\t\t\t<\/div>\n\t\t\t\t\t\t\t<div class=\"elementor-toggle-item\">\n\t\t\t\t\t<div id=\"elementor-tab-title-1844\" class=\"elementor-tab-title\" data-tab=\"4\" role=\"button\" aria-controls=\"elementor-tab-content-1844\" aria-expanded=\"false\">\n\t\t\t\t\t\t\t\t\t\t\t\t<span class=\"elementor-toggle-icon elementor-toggle-icon-right\" aria-hidden=\"true\">\n\t\t\t\t\t\t\t\t\t\t\t\t\t\t\t<span class=\"elementor-toggle-icon-closed\"><svg xmlns=\"http:\/\/www.w3.org\/2000\/svg\" id=\"af6e4202-b359-4edb-9e37-f3f2017007d6\" data-name=\"Layer 1\" width=\"10\" height=\"10\" viewBox=\"0 0 10 10\"><path d=\"M5,0H6.2V4.4h4.4V5.6H6.2V10H5V5.6H.6V4.4H5Z\" transform=\"translate(-0.5996)\"><\/path><\/svg><\/span>\n\t\t\t\t\t\t\t\t<span class=\"elementor-toggle-icon-opened\"><svg xmlns=\"http:\/\/www.w3.org\/2000\/svg\" id=\"f7b7f277-1ba9-4e85-9654-97d70d0c16d0\" data-name=\"Layer 1\" width=\"10\" height=\"1.2\" viewBox=\"0 0 10 1.2\"><path d=\"M10.6,4.4V5.6H.6V4.4Z\" transform=\"translate(-0.5996 -4.4)\"><\/path><\/svg><\/span>\n\t\t\t\t\t\t\t\t\t\t\t\t\t<\/span>\n\t\t\t\t\t\t\t\t\t\t\t\t<a class=\"elementor-toggle-title\" tabindex=\"0\">Impression Album Photo<\/a>\n\t\t\t\t\t<\/div>\n\n\t\t\t\t\t<div id=\"elementor-tab-content-1844\" class=\"elementor-tab-content elementor-clearfix\" data-tab=\"4\" role=\"region\" aria-labelledby=\"elementor-tab-title-1844\"><p><strong>L&rsquo;art de l&rsquo;intemporel.<\/strong> Nos albums photos sont des \u0153uvres d&rsquo;art, tissant ensemble vos moments pr\u00e9cieux dans une narration visuelle \u00e0 feuilleter encore et encore.<\/p><\/div>\n\t\t\t\t<\/div>\n\t\t\t\t\t\t\t\t<\/div>\n\t\t\t\t\t\t<\/div>\n\t\t\t\t<\/div>\n\t\t\t\t<\/div>\n\t\t\t\t\t<\/div>\n\t\t\t\t<\/div>\n\t\t<div class=\"elementor-element elementor-element-676603f e-con-full e-flex e-con e-parent\" data-id=\"676603f\" data-element_type=\"container\" data-settings=\"{&quot;background_background&quot;:&quot;classic&quot;}\">\n\t\t<div class=\"elementor-element elementor-element-ee0d811 e-con-full e-flex e-con e-child\" data-id=\"ee0d811\" data-element_type=\"container\">\n\t\t\t\t<div class=\"elementor-element elementor-element-2c52154 elementor-invisible elementor-widget elementor-widget-heading\" data-id=\"2c52154\" data-element_type=\"widget\" data-settings=\"{&quot;_animation&quot;:&quot;fadeIn&quot;}\" data-widget_type=\"heading.default\">\n\t\t\t\t<div class=\"elementor-widget-container\">\n\t\t\t\t\t<h2 class=\"elementor-heading-title elementor-size-default\">Contactez-nous\u200b<\/h2>\t\t\t\t<\/div>\n\t\t\t\t<\/div>\n\t\t\t\t<div class=\"elementor-element elementor-element-e8a56c5 elementor-widget__width-initial elementor-widget-mobile__width-inherit elementor-widget elementor-widget-text-editor\" data-id=\"e8a56c5\" data-element_type=\"widget\" data-widget_type=\"text-editor.default\">\n\t\t\t\t<div class=\"elementor-widget-container\">\n\t\t\t\t\t\t\t\t\t<p>Laissez-nous un petit mot, et nous nous ferons un plaisir de r\u00e9pondre \u00e0 toutes vos questions. Chez Ham Wedding, chaque d\u00e9tail compte et chaque interrogation trouve sa r\u00e9ponse. \u00c9crivez-nous, et ensemble, pr\u00e9parons le terrain pour que votre film de mariage soit aussi unique et sp\u00e9cial que votre histoire d&rsquo;amour.<\/p>\t\t\t\t\t\t\t\t<\/div>\n\t\t\t\t<\/div>\n\t\t\t\t<div class=\"elementor-element elementor-element-6c6feb5 elementor-align-center elementor-widget elementor-widget-button\" data-id=\"6c6feb5\" data-element_type=\"widget\" data-widget_type=\"button.default\">\n\t\t\t\t<div class=\"elementor-widget-container\">\n\t\t\t\t\t\t\t\t\t<div class=\"elementor-button-wrapper\">\n\t\t\t\t\t<a class=\"elementor-button elementor-button-link elementor-size-sm elementor-animation-hang\" href=\"https:\/\/ham-wedding.fr\/?page_id=491\">\n\t\t\t\t\t\t<span class=\"elementor-button-content-wrapper\">\n\t\t\t\t\t\t\t\t\t<span class=\"elementor-button-text\">Contact Ham Wedding  \u27f6<\/span>\n\t\t\t\t\t<\/span>\n\t\t\t\t\t<\/a>\n\t\t\t\t<\/div>\n\t\t\t\t\t\t\t\t<\/div>\n\t\t\t\t<\/div>\n\t\t\t\t<\/div>\n\t\t<div class=\"elementor-element elementor-element-49428f9 e-con-full e-flex e-con e-child\" data-id=\"49428f9\" data-element_type=\"container\" data-settings=\"{&quot;background_background&quot;:&quot;classic&quot;}\">\n\t\t\t\t<\/div>\n\t\t\t\t<\/div>\n\t\t<div class=\"elementor-element elementor-element-a61d7dc e-grid e-con-boxed e-con e-parent\" data-id=\"a61d7dc\" data-element_type=\"container\">\n\t\t\t\t\t<div class=\"e-con-inner\">\n\t\t\t\t\t<\/div>\n\t\t\t\t<\/div>\n\t\t\t\t<\/div>\n\t\t","protected":false},"excerpt":{"rendered":"<p>Ham Wedding: O\u00f9 vos souvenirs prennent vie en cin\u00e9ma. Chez Ham Wedding, notre philosophie se centre sur une id\u00e9e simple mais puissante : chaque mariage est une histoire unique, m\u00e9ritant d&rsquo;\u00eatre racont\u00e9e avec une attention cin\u00e9matographique aux d\u00e9tails. Nous capturons plus que des moments ; nous r\u00e9v\u00e9lons la beaut\u00e9 des \u00e9motions authentiques et des connexions [&hellip;]<\/p>\n","protected":false},"author":1,"featured_media":0,"parent":0,"menu_order":0,"comment_status":"closed","ping_status":"closed","template":"elementor_header_footer","meta":{"footnotes":""},"_links":{"self":[{"href":"https:\/\/ham-wedding.fr\/index.php?rest_route=\/wp\/v2\/pages\/486"}],"collection":[{"href":"https:\/\/ham-wedding.fr\/index.php?rest_route=\/wp\/v2\/pages"}],"about":[{"href":"https:\/\/ham-wedding.fr\/index.php?rest_route=\/wp\/v2\/types\/page"}],"author":[{"embeddable":true,"href":"https:\/\/ham-wedding.fr\/index.php?rest_route=\/wp\/v2\/users\/1"}],"replies":[{"embeddable":true,"href":"https:\/\/ham-wedding.fr\/index.php?rest_route=%2Fwp%2Fv2%2Fcomments&post=486"}],"version-history":[{"count":40,"href":"https:\/\/ham-wedding.fr\/index.php?rest_route=\/wp\/v2\/pages\/486\/revisions"}],"predecessor-version":[{"id":1792,"href":"https:\/\/ham-wedding.fr\/index.php?rest_route=\/wp\/v2\/pages\/486\/revisions\/1792"}],"wp:attachment":[{"href":"https:\/\/ham-wedding.fr\/index.php?rest_route=%2Fwp%2Fv2%2Fmedia&parent=486"}],"curies":[{"name":"wp","href":"https:\/\/api.w.org\/{rel}","templated":true}]}}